 r is divided by o?
16
Let x = 68 + 180. Suppose -3*z + z = -x. What is the remainder when 59 is divided by ((-8)/16)/((-2)/z)?
28
Let j = 524 + -503. What is the remainder when 61 is divided by j?
19
Suppose 0*h - h = -42. Suppose 98 = 5*g - h. Let r = 60 + g. What is the remainder when r is divided by 30?
28
Suppose 0 = j - 1169 + 797. What is the remainder when j is divided by 29?
24
Let v(w) = w**3 - 15*w**2 - 36*w + 48. What is the remainder when 97 is divided by v(17)?
13
Let r(h) = h**3 + 5*h**2 + 6. Let y be r(-6). Let f = y - -37. Let n = f - 4. What is the remainder when n is divided by 3?
0
Let g(t) = -t + 13. Suppose -2*o = -3*o - 5. Let c = 5 + o. What is the remainder when 51 is divided by g(c)?
12
Let g = 164 + 12. Calculate the remainder when g is divided by 55.
11
Let m(w) = -w**2 + 14*w + 895. What is the remainder when 134 is divided by m(-23)?
2
Let x(u) = -u + 74. Suppose 4*l - 16 = 0, 8*m - 2*l = 3*m + 57. Let h(z) = -z**2 + 8*z + 1. Calculate the remainder when x(m) is divided by h(6).
9
Suppose 4*m - 5*m - 2*p = -179, -5*m = -p - 928. Let r = m - 126. What is the remainder when r is divided by 9?
5
Suppose 3*j + 281 = 4*t, 3*t - j = 4*j + 219. What is the remainder when 23 is divided by t/11 + (-14)/77?
5
Let h = 193 - 172. What is the remainder when 59 is divided by h?
17
Let v be 0 - 1*15/(-3). Suppose v*m - 460 = -5*d, 5*m - 96 = d + 364. What is the remainder when 23 is divided by m/7 + 1/(-7)?
10
Suppose m - 463 = -5*j + 446, -4*j = -2*m - 730. Suppose 10 = 5*a - 220. What is the remainder when j is divided by a?
44
What is the remainder when 65 is divided by (-140)/(-25) - (-20)/50?
5
Let u(h) be the second derivative of -h**3/6 + h**2/2 - 6*h. Calculate the remainder when 18 is divided by u(-9).
8
Let r(w) = -2*w + 9. Let k be r(11). Let c(g) = -g - 4. Calculate the remainder when 15 is divided by c(k).
6
Calculate the remainder when (-473)/(-5) - (-12 - 406/(-35)) is divided by 4.
3
Suppose 4*j + 2*j - 840 = 0. Suppose -6*p + p = -j. Calculate the remainder when 111 is divided by p.
27
Let h be -1 + -2 + (-14)/(-2). Suppose 3*q - 43 - 78 = h*z, -43 = -q + 2*z. Calculate the remainder when q is divided by 10.
5
Let t(v) = -3*v**2 - 10 + 0*v**2 + 0*v + 4*v**2 - 9*v. Let o be t(10). Suppose o = 9*q - 7*q - 26. What is the remainder when 38 is divided by q?
12
Suppose 0 = 24*x - 49*x + 475. What is the remainder when 111 is divided by x?
16
Suppose 3*v + 39 = 2*i, -23 - 17 = -2*i + 4*v. Calculate the remainder when 67 is divided by i.
13
Let s be 339/(-6)*(3 + 3/(-3)). What is the remainder when 3*s/(-12) - 1/4 is divided by 16?
12
Suppose 4*d - 4 = 0, d - 265 = 5*x - 4*d. Let v = 61 + x. What is the remainder when v is divided by 5?
4
Let p(y) = y - 3*y**3 + y**2 - 5*y + y**2 + 4*y**3. Let x be p(3). Suppose -2 + 10 = 2*v - 2*u, -2*v - 3*u = -x. What is the remainder when 23 is divided by v?
5
Suppose -q = -4*q. Suppose q - 27 = -l. Let j = -840 - -846. Calculate the remainder when l is divided by j.
3
Let r(k) = -5*k**2 - 2*k + 8. Let c(p) = -4*p**2 - 2*p + 8. Let d(l) = 4*c(l) - 3*r(l). Let s = 55 - 32. Calculate the remainder when s is divided by d(0).
7
What is the remainder when 59 is divided by ((-1805)/(-475))/(0 - (-1)/5)?
2
Suppose -14*b + 29*b - 150 = 0. Suppose 2*g + 0*g + 14 = -n, 4*n = 5*g + 35. Let d(s) = -5*s + 3. Calculate the remainder when d(g) is divided by b.
8
Let k(f) be the first derivative of 13*f**2 - 3*f + 2. Calculate the remainder when k(1) is divided by 3.
2
Suppose 3*q + 26 = m, -q = -4*m + 64 + 84. Calculate the remainder when m is divided by 13.
12
Suppose 19*g - 14*g = 710. Calculate the remainder when g is divided by 40.
22
Let y(d) = d**3 - 11*d**2 + 10*d + 2. Let w be y(10). What is the remainder when ((-42)/(-63))/(w/21) is divided by 5?
2
What is the remainder when 38 is divided by -12 + (-976)/(-80) + (-14)/(-5)?
2
Suppose -2*x = -4*x + 8. Let p(r) = 7*r**2 + 5 - x + 2*r**2. Calculate the remainder when 47 is divided by p(1).
7
Let k(r) = -213*r - 418. What is the remainder when 1/(-3) + (-662)/(-6) is divided by k(-2)?
6
Suppose -15*a + 4*s + 88 = -11*a, -3*a + 4*s + 68 = 0. What is the remainder when 48 is divided by a?
8
Let d(p) = -p**3 - 9*p**2 + p + 11. Let u be d(-9). Suppose i + u*i = 39. What is the remainder when i is divided by 10?
3
Let i(t) = 17*t + 1. Let b(l) = 52*l + 4. Let a(j) = -3*b(j) + 8*i(j). Calculate the remainder when 59 is divided by a(-1).
11
Let r(j) = j**3 + 5*j**2 - 7*j + 2. Let t be (-145)/7 + (-4)/14. Let n be (-2)/7 - (-120)/t. What is the remainder when 13 is divided by r(n)?
5
Let b(d) = d**2 - d - 9. Let l be b(4). Suppose 149 = l*j + 23. What is the remainder when 122 is divided by j?
38
What is the remainder when 1223 is divided by (-1 + -169)*(-4)/10?
67
Let w(l) = 10*l - 6. Let r = 29 - 11. Suppose -2*f - 5*m = -15 - r, 5*m = 15. Calculate the remainder when w(4) is divided by f.
7
Let c = 78 + -44. Let a = c + -33. What is the remainder when (a + 0)/(6/48) is divided by 5?
3
Let i = 1007 + -996. Calculate the remainder when 96 is divided by i.
8
Suppose -5*i = -4*o + 39, -7*i = -5*o - 2*i + 45. Calculate the remainder when (-6)/4*(-92)/o is divided by 8.
7
Suppose 0 = 2*d - d - 25. Suppose -117 = -1044*z + 1035*z. What is the remainder when d is divided by z?
12
Let g(x) = 0*x**2 - x - 2*x - x**2 + 4 + 2*x**3. Suppose o + 2*o - 63 = 0. Calculate the remainder when g(3) is divided by o.
19
Suppose -i + a + 1470 = 0, -3*i - 18*a + 4404 = -23*a. What is the remainder when i is divided by 18?
15
Let m = 617 - 439. What is the remainder when m is divided by 5?
3
Let b(k) = k + 37. Let f(j) = -3*j - 110. Let s(g) = -17*b(g) - 6*f(g). Calculate the remainder when s(-5) is divided by 7.
5
Let i = -108 - -192. Suppose 0 = 3*d + 3*t - i, -81 = -3*d - 5*t + 3. Let o(k) = 13*k**2 + 3*k + 1. Calculate the remainder when o(-3) is divided by d.
25
Let c(w) = -w**3 + 11*w**2 + 14*w + 24. Calculate the remainder when c(11) is divided by 20.
18
Let q = 164 - 157. Suppose -3*a - q = -4*a. Calculate the remainder when 12 is divided by a.
5
Let o(m) = 17*m**2 + 4*m + 3. Let d be o(4). Suppose 4*j + 240 = 4*c, 5*c + 6*j = 2*j + d. Calculate the remainder when c is divided by 15.
14
Suppose 4*c = s - 6*s + 1763, 0 = -c + 2. Calculate the remainder when s is divided by 32.
31
Let k(s) = s**2 + 13*s - 70. Calculate the remainder when 495 is divided by k(5).
15
Let w(d) = 2*d**2 + 27. Let g(c) = c**2 + 1. Let f(t) = -3*g(t) + w(t). What is the remainder when 166 is divided by f(0)?
22
Let j be 3 + (1 - 2) - 1. Let a(b) = 4*b**2 + b - 2. Calculate the remainder when 14 is divided by a(j).
2
What is the remainder when 37 is divided by ((2/1)/2)/(-1)*-20?
17
Let o be (-4 - -8)/(-2*(-2)/30). Let v = o + -22. What is the remainder when 15 is divided by v?
7
Let o be 2/(-8) - 156/(-48). Suppose 5*z - 2*x - 123 = 2*x, -2*x - 75 = -o*z. Calculate the remainder when z is divided by 4.
3
Let o(g) = g**3 + 5*g**2 - 5*g + 4. Let s be o(-6). Let i = 2 - s. Suppose -2*f - 25 - 5 = -i*t, -4*t + 29 = -f. What is the remainder when 13 is divided by t?
6
Let z = -18 + 25. Let o(c) = -6*c + 2. Let b(m) = -3*m + 11. Let q be b(5). Calculate the remainder when o(q) is divided by z.
5
Let s(h) = h**3 + 11*h**2 + 11*h + 15. Let c(g) = 56*g - 363. Calculate the remainder when c(7) is divided by s(-10).
4
Suppose -m - 5 = -7. Calculate the remainder when 104 is divided by -5*m/(-4)*14.
34
Let q(v) = -v**3 + 14*v**2 + 3*v - 52. What is the remainder when q(8) is divided by 72?
68
Suppose 39*i = -2 + 197. What is the remainder when 14 is divided by i?
4
Let n(v) = v - 1. Let u(z) = 20*z - 1. Let k(y) = -4*n(y) - 2*u(y). Calculate the remainder when k(-2) is divided by 24.
22
Let d = -309 + 315. Suppose -4*l - 3*h + 4*h = 8, -l - h = 7. What is the remainder when 1 - (l/3 - 14) is divided by d?
4
Let n = -12 - 0. Let s = -9 - n. Suppose u - 20 = -3*f, -s*f + 24 = 5*u - 16. Calculate the remainder when u is divided by 2.
1
Let u(w) = -5*w**2 + 3*w + 3. Let m(d) = 4*d**2 - 3*d - 4. Let s(b) = -6*m(b) - 5*u(b). What is the remainder when s(-8) is divided by 19?
11
Let v(h) = h**2 - 22*h + 33. Calculate the remainder when v(33) is divided by 19.
16
Let m(n) = n**3 - 7*n**2 + 4*n + 12. Let